
2, 3, 5
Suppose 4*l - 2*i = 5 - 61, -36 = 2*l + 3*i. Let q be -115*((-6)/l)/(-1). Let x = q + -43. List the prime factors of x.
3
Let x = -4306 - -6240. List the prime factors of x.
2, 967
Suppose 0 = -3*i - 4313 + 1379. Let k = -66 - i. List the prime factors of k.
2, 3, 19
Let y(t) = 4*t + 6. Let m be y(-3). Let f be 9 + m + 57/((-1)/(-1)). Suppose 6*a = 7*a - f. List the prime factors of a.
2, 3, 5
Let i(z) = 14*z**2 - 16*z - 38. Let g = -310 - -305. What are the prime factors of i(g)?
2, 7
Let y be 183/(-21) + (-4)/14. Let q(a) = a**2 + 5*a - 8. Let h be q(y). Let p = h + 31. List the prime factors of p.
59
Let g(u) = 10 + 4 - 11*u + 7 + 0*u. Suppose -k - 4*k = 35. What are the prime factors of g(k)?
2, 7
Let v(u) = 8*u - 6. Let l(k) = -3*k + 2*k + 1 + 3*k + k**2. Let a be l(-3). List the prime factors of v(a).
2, 13
Let r = 2209 + 3233. List the prime factors of r.
2, 3, 907
Let h be (-2)/(-1) - (-16 + 16). Suppose -h*m = m - 12. What are the prime factors of 271/3 - m/12?
2, 3, 5
Let u be (1 - (-286)/10)*(-20)/(-4). Suppose -7*h + u = 43. Suppose 7*l + h = 8*l. List the prime factors of l.
3, 5
Suppose 60 = 3*h + 12. Let s = -13 + h. Suppose 2*u + 4 = 3*x - 58, 74 = s*x + 4*u. List the prime factors of x.
2, 11
Suppose -2*i - 4*i + 67558 = -692. What are the prime factors of i?
5, 7, 13
Let q(w) = -6*w - 4. Let t be 1037/153 + 4/18. Suppose 7*d + t = -0*d. What are the prime factors of q(d)?
2
Suppose 0 = 5*h - l + 142 + 49, 2*h - 3*l + 79 = 0. Let d = 122 + h. Suppose d = -t + 4*t. List the prime factors of t.
2, 7
Let w(h) = 2*h**2 + 5*h - 39. Let k be w(-6). Suppose q - 18 - k = 2*c, 5*c = -q + 42. List the prime factors of q.
3
Suppose 1205 = -30*t + 35*t. Let a = 625 + t. List the prime factors of a.
2, 433
Suppose -f + 109888 = 3*f - 4*w, -4*f + 3*w + 109885 = 0. What are the prime factors of f?
13, 2113
Let o(x) = -1504*x**3 - x**2 - 5*x - 6. Let l be o(-2). Suppose 0 = -54*g + 46*g + l. What are the prime factors of g?
2, 47
Let j be 82/(-10)*(-12 + 10)*5. Let a = 114 - j. What are the prime factors of a*1 + -3 + 3 + -4?
2, 7
Let l(h) = -924*h - 38. List the prime factors of l(-8).
2, 3677
Suppose 2*x = 8, 0 = k + x - 76 - 133. What are the prime factors of 287/k*(1 + 84)?
7, 17
Suppose -4*y = -5*a - 0*a + 44067, 0 = -4*a + 5*y + 35259. List the prime factors of a.
3, 11, 89
Suppose -2*p + 3556 = 4*f, -18*f = p - 14*f - 1768. What are the prime factors of p?
2, 3, 149
What are the prime factors of (31 - (-33 + 59)) + 3259 + 0?
2, 3, 17
Let i(k) = 20 + k**3 - 11*k - 108*k**2 + k + 96*k**2. Suppose 0*u - 4*u + 52 = 0. What are the prime factors of i(u)?
59
Suppose -2*t + 11*n - 10*n = -1616, 0 = 5*t - 4*n - 4043. What are the prime factors of t?
3, 269
Let u be 4 + (9/((-18)/4))/(-2). Suppose -f + 958 = u*m, 0 = -m + 6*f - 3*f + 198. What are the prime factors of m?
2, 3
Let d = 125 + -121. Let r(u) = 48*u - 1. Let n be r(3). Suppose -d*x + 357 = -n. What are the prime factors of x?
5
Let h(d) = 7*d - 51. Let s be h(7). Let o(q) = 74*q**2 - 9*q - 22. List the prime factors of o(s).
2, 73
Suppose -16*m = 87555 - 332627. What are the prime factors of m?
17, 53
Let k = 3 + 3. Suppose -k = 5*q - 16. Suppose 0*y = 2*y + 5*l - 216, q*l - 228 = -2*y. What are the prime factors of y?
2, 59
Suppose -4*b - 3*c + 91 = -8*c, b - 9 = 4*c. Let j = b - -421. What are the prime factors of j?
2, 3, 5
Suppose -5*b = 17 - 82. Suppose -a - 3*s - b = -0*s, -2*a + 2*s + 14 = 0. What are the prime factors of a/(-5) + 6920/50?
2, 3, 23
Let t be -2*(-1)/(-2)*29. Let f = 29 + t. Let o = 27 - f. What are the prime factors of o?
3
Suppose -6*i = -823 - 605. Suppose w - i = 400. List the prime factors of w.
2, 11, 29
Let s(t) = t**2 + 14*t - 22. Let u be s(-9). Let v = u - -67. Suppose v = 4*w + 4 - 532. What are the prime factors of w?
2, 3, 11
Suppose -98*k = -122*k + 48. Suppose k*b - 5*x - 143 = 1421, -2*x + 764 = b. List the prime factors of b.
2, 193
Suppose 0 = -2*s + 100 - 90. Suppose 2*d + 3*d = -q - 157, -4*q = -12. Let a = s - d. List the prime factors of a.
37
Let g(q) = 2*q**3 - 3*q**2 + 3*q - 3. Let x be g(3). Let z be (14/(-21))/(4/6) + x. Let p = z - 10. List the prime factors of p.
2, 11
Suppose 4*c + l = 36, -c - 3*l + 9 = -0*c. Suppose 0*n = c*n + 900. Let r = -57 - n. What are the prime factors of r?
43
Let p(y) = -265*y - 411. List the prime factors of p(-15).
2, 3, 11
Let t(y) = -y**3 + 20*y**2 + 19*y - 33. List the prime factors of t(14).
1409
Let y(g) = -g**3 + 15*g**2 + 21*g + 46. Let x be y(16). Suppose x + 27 = k. List the prime factors of k.
3, 17
Let r(t) be the first derivative of 5*t**3/3 + 2*t**2 - 5*t - 4498. Let v = 4 - 10. What are the prime factors of r(v)?
151
Let b be 2296/(-4 + 0 + 3). Let o = b + 3317. Suppose s - 264 = 4*a, 5*s = -5*a + 249 + o. What are the prime factors of s?
2
Suppose 16*f = -13*f - 23*f + 1159756. What are the prime factors of f?
22303
Let k be (-36 - 3/((-9)/12))*-16. Let i = -349 + k. Suppose -3*m - i + 451 = 0. What are the prime factors of m?
2, 3
Let p(w) = 2*w + 52. Let t be p(-22). Suppose t*v - 274 - 558 = 0. List the prime factors of v.
2, 13
Suppose 0 = -5*g + v + 24878, 184*g - v = 181*g + 14926. List the prime factors of g.
2, 311
Suppose -7*g + 17760 = 30*g. Suppose -4*k = -2*w + 234, 4*w + k = 6*k + g. What are the prime factors of w?
5
Let p = -3645 + 3665. Let c(n) = 5*n**2 - 6*n. Let u be c(4). Let t = p + u. What are the prime factors of t?
2, 19
Let q(h) = -2321*h - 877. What are the prime factors of q(-24)?
109, 503
Let r(t) be the first derivative of -t**4/24 + 7*t**3/6 - 17*t**2/2 + 5. Let h(p) be the second derivative of r(p). What are the prime factors of h(-12)?
19
Suppose -48*t + 4*z = -53*t + 200972, 0 = 5*t + z - 200963. What are the prime factors of t?
2, 157
Let w(h) = h**3 + 11 + 0*h**2 + 4 - 3*h**2 - 5 - 5*h. Suppose 14 = 3*t - 1. What are the prime factors of w(t)?
5, 7
Let w(y) be the third derivative of y**6/120 + 11*y**5/30 + y**4/24 - 4*y**3/3 - 7*y**2. Let o be w(-12). List the prime factors of (-4)/(-18) - (o/(-18))/5.
2
Let n be ((-5)/((-10)/(-258)))/(-1). Let j = 144 + n. Let s = -8 + j. List the prime factors of s.
5, 53
Let y(u) = 11*u - 30. Let h be y(3). Suppose -2*f + 407 = h*v, 3 = -v - 2. What are the prime factors of f?
211
Suppose -157*w + 1130320 = 42*w. List the prime factors of w.
2, 5, 71
What are the prime factors of ((-210)/49)/((-4)/7896)?
2, 3, 5, 47
Let z(f) = 3*f + 41. Let h be z(28). Let j = 406 - h. List the prime factors of j.
281
Let f be 14/8 - (-5)/20 - 0. Suppose 3*y - 1605 = -f*y. List the prime factors of y.
3, 107
Let f be (18/5)/((-3)/(-10)). Let v(m) = -m + 12. Let a be v(f). Suppose i = -3*u + 326, a = i + 1 + 3. List the prime factors of u.
2, 5, 11
Suppose -4250 = -134*f + 67714 + 107462. List the prime factors of f.
13, 103
Suppose -18*k = -21*k - 7220 + 27557. What are the prime factors of k?
6779
Let o(l) be the third derivative of l**5/10 + 5*l**4/8 - 4*l**3/3 - 20*l**2. List the prime factors of o(-9).
7
Let f be (-1)/(8/(-50)) - 7/28. Let b(z) = 2*z**2 + 6*z**3 + f*z + 7 - 7*z**2 - 5*z**3. List the prime factors of b(6).
79
Let l(g) = 2*g - 3. Let o be l(3). Suppose -4*u - 32 = -o*b, -b + 19 = -u - 2*u. Suppose 39 = 3*p + b*i, 2*p + 4*i = 3*p + 3. What are the prime factors of p?
3
Suppose -6790 = -5*b + 4*g, -33*b + 35*b - 2699 = 5*g. What are the prime factors of b?
2, 3, 227
Suppose -38*a = -80752 - 2527986. What are the prime factors of a?
11, 79
Let z(u) = 25080*u**2 + 101*u + 100. What are the prime factors of z(-1)?
31, 809
Let k(n) = -10*n + 28 - 3*n + n**3 - 10*n**2 + 6*n. Let r be k(10). List the prime factors of 544/6 - (-28)/r.
2, 3, 5
Let h = 1312 + 2916. List the prime factors of h.
2, 7, 151
Suppose -231*q + 213*q = -77130. What are the prime factors of q?
5, 857
Let c(l) = -l**3 + 72*l**2 - 61*l - 227. List the prime factors of c(68).
3, 523
Let w be (-24)/15*(-200)/16. Let b be (-2 + -4)*(-50)/w. What are the prime factors of 1 + 3*5/b?
2
Suppose -453929 + 2486279 = 102*c - 633828. List the prime factors of c.
3, 8713
Let z(l) = -l + 50. Let a = 139 - 157. What are the prime factors of z(a)?
2, 17
Suppose -10*z = -506 - 54. Let u = z - -419. List the prime factors of u.
5, 19
Let k = 10 - -34. Sup